e highest common factor of i and 11?
11
Let w be (-3)/(-5) - (-888)/20. Suppose 28 = 2*k - 2*b, 4*k + 4*b = 51 + w. Calculate the highest common factor of k and 38.
19
Let q be (6/5)/(((-6)/(-100))/1). What is the greatest common divisor of q and 20?
20
Suppose 8*y - 85 = 123. Calculate the highest common divisor of 13 and y.
13
Let h(d) = d**2 - 9*d - 10. Let i be h(-8). Let n = -6 + 20. Calculate the greatest common divisor of n and i.
14
Let u be 0/(-1) - (-16)/1. What is the highest common divisor of u and 32?
16
Suppose 4*k + 0*k - 88 = 0. Let c = -12 - -7. Let z = c - -7. Calculate the highest common factor of k and z.
2
Suppose -4*y + w - 8 = -y, 5*y + 5*w = 0. Let b be -3 + 110/2 - y. What is the greatest common factor of 6 and b?
6
Suppose -6*m = 2*z - 2*m - 42, 22 = z + m. Suppose -472 = -5*i + z. What is the greatest common factor of i and 9?
9
Let k(b) = b - 8. Let c be k(10). Let x(t) = t**3 - 3*t**2 + 2*t + 2. Let y be x(c). Calculate the greatest common factor of y and 4.
2
Let k(i) = -i + 1. Let c(a) = 11*a**3 - a. Let x be c(-1). Let f be k(x). What is the greatest common factor of 121 and f?
11
Let b = 37 - 22. Let r = 21 + -11. What is the greatest common factor of r and b?
5
Suppose 5*y - 4*l = 895, 4*y - 550 = y + 5*l. What is the highest common factor of y and 35?
35
Let j(k) be the third derivative of 9*k**4/4 - k**3/3 - 2*k**2. Let v be j(3). What is the greatest common divisor of v and 32?
32
Let k be -1 + (2 - (0 - 0)). Let p be (-18)/12*(-65 - k). Suppose 3*b = -3*c + 15 + 12, -3*b + 31 = c. What is the highest common divisor of p and b?
11
Suppose 2*n = 5*q - 153, 3*n - 100 = -4*q - n. Let r = q - 21. Suppose -x = x - r. Calculate the highest common factor of x and 4.
4
Suppose 0 = -4*h + 16, -f - 9 - 7 = -5*h. Suppose -15 = 3*b - 6, f*l - b = 35. Calculate the highest common factor of 72 and l.
8
Let n(u) be the second derivative of 2*u**3/3 - u**2 + 2*u. Let y be n(2). What is the greatest common divisor of 12 and y?
6
Let x = -2 - 3. Let u(r) = -2*r**2 + r**2 + r - 11*r - 2 + r. Let a be u(x). What is the greatest common factor of 198 and a?
18
Suppose x = -2*j - 3*x + 32, 4*j = -4*x + 68. Let r be 4340/90 - 4/j. What is the greatest common factor of r and 16?
16
Suppose 2*w + 1 = 3*d + 46, -w + 39 = 4*d. Suppose 0*y - 12 = -4*y. What is the highest common divisor of y and w?
3
Let g = -5 - -19. Calculate the highest common factor of g and 56.
14
Let x(m) = -9*m - 24. Let f be x(-8). What is the highest common factor of 12 and f?
12
Let r be 1865/9 + (-2)/9. Suppose -3*h = 3*p - 54, 0*p + 3*p = -5*h + 100. Calculate the greatest common divisor of h and r.
23
Suppose 5*u - 39 - 71 = 0. Suppose 0*y - y + u = 0. Let k = -27 + 71. Calculate the greatest common divisor of y and k.
22
Let f = 31 + 14. Let v be ((-4)/(-10))/(3/f). Calculate the greatest common factor of v and 66.
6
Let y(v) = -7*v - 6. Let g be y(-3). Let o = 22 - -8. Calculate the highest common factor of g and o.
15
Suppose -37 + 13 = -8*k. What is the highest common divisor of 24 and k?
3
Let s be (-2)/(0 - 2/17). Let i = s + -1. Calculate the greatest common divisor of 4 and i.
4
Suppose -56 = -0*h + 2*h - 2*c, 3*c = 6. Let y be 4/(32/(-36))*h. Calculate the highest common divisor of 13 and y.
13
Let v(n) = -10*n + 4. Let s be v(-7). Suppose -f - 4*m + s = 0, 3*m = -2*f - 0*m + 143. Calculate the greatest common factor of 10 and f.
10
Let b(n) = n**3 - 7*n**2 - n + 10. Let p be b(7). Let w be (p + 10/(-3))*-114. Let o be 286/3 - (-2)/(-6). Calculate the greatest common factor of o and w.
19
Let f be 11*(-1)/((-3)/189). Let g = -451 + f. Suppose 5*x - g = 108. Calculate the highest common divisor of x and 10.
10
Suppose -3*u - 4 + 37 = 0. Let p(l) = -l**3 - 5*l**2 - 3*l + 4. Let j be p(-4). Suppose j = z - 32 - 1. Calculate the greatest common divisor of z and u.
11
Let g = 16 - 0. Let i be g/6 + (-1)/(-3). Suppose -4 = -i*j + j. What is the greatest common factor of j and 16?
2
Let c be (3/(-2))/(-3)*(37 + -17). Calculate the greatest common divisor of c and 70.
10
Let y = 139 - 103. What is the highest common divisor of y and 54?
18
Suppose -4*s = 3*o - 62, 5*o - 5*s + 0*s - 115 = 0. Let z be (-1905)/(-35) + 16/28. What is the greatest common factor of o and z?
11
Let q = 0 - -2. Let r = q - -33. Let o = 2 - -3. Calculate the greatest common factor of r and o.
5
Suppose -4*t = 0, -b - 4*t + 0*t + 6 = 0. Let s(i) = -7*i + 3 - 2*i**3 + i**3 + 7*i**2 + 6. Let d be s(b). Calculate the highest common factor of 3 and d.
3
Suppose 2*s = 4*s - 144. Let x = s + -16. What is the greatest common divisor of x and 7?
7
Let v(y) = 3*y**2 - 40*y + 14. Let r be v(13). What is the greatest common factor of r and 13?
1
Let l = -2 - 0. Let w be (4/(-3))/(l/15). Calculate the highest common divisor of w and 5.
5
Let q(p) = 2*p**3 + 3*p**2 - 7*p + 5. Let s be q(2). What is the greatest common factor of s and 38?
19
Let t(c) = c**2 + 3*c + 2. Let d be ((-4)/10)/(3/15). Let m be t(d). Suppose 2*i - 37 - 23 = m. Calculate the greatest common divisor of i and 15.
15
Let p be 11 + -9 + 0 + 0 - -21. Calculate the highest common divisor of p and 230.
23
Let b = 25 + -15. Calculate the highest common divisor of b and 80.
10
Let v = 271 - 194. Calculate the highest common factor of v and 11.
11
Let o = -94 - -138. Let p be (-4)/22 - (-712)/o. Suppose -k + 2*l + 4 = 0, 5*l - 11 - 1 = -3*k. What is the greatest common divisor of k and p?
4
Suppose 2*f = -2*f + 216. Let y = -143 - -100. Let k = y - -79. Calculate the greatest common factor of k and f.
18
Let n be 16*(5/(-2) + 3). Calculate the greatest common divisor of n and 4.
4
Let p be -4 + (-1)/(4/192). Let a = 74 + p. What is the highest common factor of a and 55?
11
Let h(j) = -j + 11. Let y be h(7). Suppose 5*z - 9 = -y*c, 0 = -0*c + c - z. What is the greatest common divisor of c and 3?
1
Let u(j) = j**2 - 16*j - 26. Let r be u(19). Let p = -115 + 208. Calculate the highest common divisor of p and r.
31
Let x(m) = -m**3 + 3*m**2 + 2*m - 1. Let s = 9 - 7. Let q be x(s). What is the highest common divisor of q and 77?
7
Let m = 362 + -137. What is the greatest common factor of 25 and m?
25
Suppose -3*n + 3 = 3*p - 18, -4*n = -3*p + 42. Calculate the highest common divisor of 2 and p.
2
Let l(g) = 10*g - 5. Let u be l(2). Let t be -1*-1*7 + -1. What is the greatest common factor of t and u?
3
Suppose 8*r - 12 = 4. Calculate the greatest common factor of r and 5.
1
Suppose 2 = o - 1, 0 = 4*u - 3*o + 5. Let h be u/(-2) + 105/10. What is the greatest common divisor of h and 2?
2
Let p = -4 + 4. Let b be 4 + -1 + 1 + p. What is the greatest common divisor of 10 and b?
2
Let l be 6/15*(28 - -2). Suppose -5*j + l = -j. Let u = -2 + 5. What is the highest common divisor of u and j?
3
Suppose 4*x = -2*q + q + 395, 494 = 5*x + q. Calculate the greatest common divisor of x and 9.
9
Let m(g) = -g - 2. Let k be m(-5). Suppose -2*l = k*l - 20. Suppose 3 = l*t - 25. What is the greatest common factor of 7 and t?
7
Suppose -5*j + 5*r = r - 113, -4*j + 85 = -5*r. Calculate the greatest common divisor of j and 5.
5
Suppose 3*f - 270 = -0*f. Suppose -4*o + 23 + 37 = 0. Calculate the greatest common divisor of o and f.
15
Let q be ((-3)/(9/(-12)))/1. Suppose -2*v - 78 = -4*h + 8, -5*h = 2*v - 94. What is the highest common factor of q and h?
4
Suppose 0 = 2*u + 2*u - 480. Suppose 30 = 5*p - u. Calculate the greatest common factor of 20 and p.
10
Suppose -4*x + 46 = -74. Suppose 27 = -4*y + 595. Let u = y - 67. Calculate the greatest common factor of x and u.
15
Suppose -14 = -5*s + 106. Let j be 2/3 - (-192)/36. Suppose j*n - 1290 = 6. What is the greatest common divisor of s and n?
24
Let q(p) = 31*p + 1. Let x be q(6). Let g be ((-66)/44)/(2/4). Let t be (-1*(g + 37))/(-2). What is the highest common factor of t and x?
17
Let w = -31 - -71. Let t = -24 + w. Calculate the greatest common divisor of t and 8.
8
Suppose 3 + 5 = 4*l. Suppose -9 - 31 = -l*b. Suppose u - b = -3*h + 2*h, 5*u + 44 = h. Calculate the greatest common factor of h and 8.
8
Let o be (3 + 8/3)*(4 - -20). What is the greatest common divisor of 17 and o?
17
Let j = 30 + 70. What is the greatest common divisor of j and 10?
10
Suppose 4*m - 186 = -3*v, 7 = -3*v + 1. What 